) = -3*n**2 - n - 13. Let o(v) = -3*d(v) - 5*y(v). Let x = -9 + 12. What is o(x)?
4
Suppose 8*l - 3*l = -30. Let q(x) = x - 3. What is q(l)?
-9
Let n(k) be the second derivative of k**5/60 + k**4/6 + k**3/3 - k**2/2 + 4*k. Let c(l) be the first derivative of n(l). Determine c(-4).
2
Let w(b) be the third derivative of -b**7/840 + b**6/72 + b**4/8 - b**3 - 5*b**2. Let v(h) be the first derivative of w(h). Let q = 11 + -6. Give v(q).
3
Suppose -2*r + 0*r = -20. Suppose -r = -5*w - 3*z - 2*z, w = z - 2. Let q(a) = w - 2 - a + 0*a + 3*a. Calculate q(-3).
-8
Let b(t) = t**2 + t. Let y(n) = n**2. Let a be y(2). Let s be 1/a + (-12)/(-16). Suppose o - 1 = s. Give b(o).
6
Let l(z) be the second derivative of -z**4/6 + z**3/6 - 12*z. Let w = 3 + -1. Suppose 0 = 2*v + 2*v - 4*a + 12, -w*v - 21 = -5*a. Determine l(v).
-6
Let u = 22 + -18. Let z(w) = -w + 9. Determine z(u).
5
Let w = -16 + 9. Let q be (-16)/w - 2/7. Let x(z) = -z. What is x(q)?
-2
Let x(v) be the first derivative of 16*v**3/3 - v - 36. Determine x(1).
15
Suppose -1 - 3 = -2*y. Let o(x) = -6*x**y + 2 - x**3 + 4*x**2 - 3. What is o(-2)?
-1
Let q(n) be the second derivative of n**5/120 - n**3/2 + 3*n. Let v(f) be the second derivative of q(f). Let s = 5 - 5. Determine v(s).
0
Let n(u) = -u**2 - 4*u + 5. Let h = 24 + -27. Let p be -2 - (-5 - h)/(-1). What is n(p)?
5
Let o be 22/3 + (-2)/(-3). Suppose 3*m - o = 7*m. Let h be (-2)/2 - (m + 2). Let k(n) = -5*n**3 + 2*n**2 + n. Calculate k(h).
6
Let s(z) be the first derivative of z**4/4 - 7*z**3/3 - z**2 + 5*z + 2. What is s(7)?
-9
Let y(a) = a**2 + 4*a + 2. Let v = 6 + -3. Suppose -7 - 2 = v*k - 4*r, 4*k = -5*r + 19. Let w = -3 - k. Calculate y(w).
2
Let u(k) = -k - 3. Let i be 22 - 1/1*2. Suppose -4*g - 4*z = -8, -2*z + i = -5*g - 5. Give u(g).
0
Let w(z) = -z**2 - 4*z - 3. Let v(g) = -g**2 - 3*g - 4. Let t(i) = -4*v(i) + 5*w(i). Calculate t(-7).
8
Suppose -3*b + 7*b - 28 = 0. Suppose 0 = b*i - 3*i + 4. Let n(o) = 5*o**2 - 1 + 7*o**2 - 4*o**2 - o. Calculate n(i).
8
Let y(z) = -4*z. Let w(k) = -1. Let h(b) = -3*w(b) + y(b). What is h(-3)?
15
Let j = 56 - 34. Let g = j - 16. Let l(y) = -y**2 + 6*y - 1. Give l(g).
-1
Let p(z) be the second derivative of -z**3/2 + 3*z**2 + z. Give p(-5).
21
Let b(m) = m + 7. Suppose -2*q = -4*s - 44, -5*q = -3*s + 2 - 28. Let i be (-6)/s - (-2)/(-4). Determine b(i).
7
Let g = -9 + 2. Let c = 5 + g. Let t(n) = n**3 - 3*n - 1. Calculate t(c).
-3
Let g(j) = -j**3 - 4*j**2 - 2*j + 3. Let s(x) = x**2 - 8*x - 12. Let w be s(9). Determine g(w).
0
Let t be (-22)/(-5) - (-6)/(-15). Let k(o) = -7*o**3 + 11*o**2 + 11*o - 1. Let p(x) = 4*x**3 - 6*x**2 - 6*x. Let c(v) = -3*k(v) - 5*p(v). Give c(t).
7
Let n(v) = -1 - 2 + 3 + 3 + v. Let g be n(-3). Let c(i) be the third derivative of -i**4/24 - i**3/2 - 2*i**2. Give c(g).
-3
Let v = 48 - 41. Let j(r) = r**2 - 8*r + 6. Calculate j(v).
-1
Let i(q) = q**3 + 7*q**2 - 7*q. Let w = -82 + 74. Calculate i(w).
-8
Let v(p) = -5 + 0 + 2 - 3*p - 5. Determine v(-7).
13
Let y(l) = -l**2 - 8*l - 9. Let g be y(-6). Let w be (-19)/(-4) + (-8)/(-32). Let b(x) = -1 + g*x - w*x - x**2 - 4*x**2. Determine b(-1).
-4
Let x = 19 - 24. Let g(s) = s**2 + 7*s. What is g(x)?
-10
Suppose 3*s - 2*a = 3*a + 27, 2*s + 5*a + 7 = 0. Let l(i) be the first derivative of 1/4*i**s + i - i**3 + 2 - 3/2*i**2. Determine l(4).
5
Let i = -7 - 11. Let o be i/(-15)*(-5)/(-2). Let l(k) = -k + 2. Give l(o).
-1
Suppose 0 = -y - 3*y - 24. Let o(w) = w**2 + 7*w - 1. Calculate o(y).
-7
Let p = 139 + -134. Let u(v) be the third derivative of v**6/120 - v**5/15 - v**4/6 - 2*v**3/3 - v**2. Calculate u(p).
1
Suppose -6*j = -4*j + 30. Let y = 44 - 24. Let f be (-3)/(-2)*y/j. Let o(s) = 4*s - 2. Determine o(f).
-10
Let q = 1 - -1. Suppose -q*z - 2 = -2*f, 0 - 22 = -2*f - 3*z. Let b(g) = -g + 3. Determine b(f).
-2
Suppose 1 = -v - 0*v. Let f(i) = 8*i. Calculate f(v).
-8
Let d(s) = -2*s + 5. Suppose -3*a + 31 = 13. Determine d(a).
-7
Suppose -4*w = -5*w. Let p = 3 - w. Let x(i) = -i**2 + i - 3. Give x(p).
-9
Let g(u) = -2*u - 3. Let d(q) = q + 1. Let s be (1/(-3))/((-10)/30). Let w(t) = s*g(t) - 3*d(t). What is w(-4)?
14
Let t(f) = -f**2 - 12*f + 3. Let b = 79 - 89. Give t(b).
23
Let b(j) = j - 2. Suppose -2*z = 5*s + 33 + 1, -5*z = 3*s + 28. Let a be ((-4)/s)/((-3)/(-9)). Give b(a).
0
Let x(c) be the second derivative of -c**3/6 - 3*c**2 + 2*c. Suppose 14 = -4*p + v, 0*p = -4*p + 3*v - 10. Give x(p).
-2
Suppose 0 = -c + 2 + 1. Let p(s) = s - c + 2 + 2*s + 0*s. Give p(-3).
-10
Let n(z) = -z**2 - 8*z + 2. Let c be (-9)/(54/8)*6. What is n(c)?
2
Suppose a + 20 = 3*g - 4*a, 2*g - a - 11 = 0. Let r = 23 - 16. Suppose 4*s + r = -g. Let y(p) = 5*p + 2. What is y(s)?
-13
Let z(a) be the second derivative of a**4/12 - a**2/2 - a. Let f(p) = -4*p**2 - 7*p + 2. Let x(t) = f(t) + 5*z(t). Determine x(6).
-9
Suppose 0 = 4*z, -d + 4 = 4*z + 3. Let u(x) = 6*x**2 - x + 1. Give u(d).
6
Suppose -3*n - 6*k + k + 13 = 0, 5*n + 5*k = 25. Let w(a) = a - 1. Give w(n).
5
Let c(x) be the second derivative of -x**6/360 - x**5/15 - 7*x**4/24 + x**3 + 3*x. Let j(k) be the second derivative of c(k). Calculate j(-7).
0
Let h(w) = w**3 + 7*w**2 + w + 9. Let o be h(-7). Let u(y) be the second derivative of -1/12*y**4 + 1/5*y**5 + 1/6*y**3 + 0 - 1/2*y**o - y. Give u(1).
3
Suppose 21 = 4*a - 5*g, -3*a + 0*a - g - 8 = 0. Let k(h) be the first derivative of -3*h**4 - h**2/2 - h - 37. Determine k(a).
12
Let s be -1*3*(-15)/9. Let u(a) = -7*a - 4. Let x(r) = -4*r - 2. Let f(d) = s*x(d) - 3*u(d). Give f(-5).
-3
Suppose -3*v = -3*v + v. Let n(p) = -p - 12. Give n(v).
-12
Let w = 3 + -3. Let y(l) = -l**2 + 8*l + 11. Let n be y(9). Let x(b) = -3 - b - b**3 - n + 1. Give x(w).
-4
Suppose 4*y + 3*p = -4, -4*p - 1 = y - 0*y. Let b(z) be the first derivative of 1/3*z**3 - 1/2*z**2 - 2 + 3/2*z**4 - z. Determine b(y).
-5
Let y be (-1 - -1)/(3 - 4). Let j(n) = -n**3 + 8*n**2 - 6*n - 5. Let v be j(7). Let c(m) = -5 + y + 4*m + 0*m**2 + 3 - m**v. Calculate c(5).
-7
Let m(y) = -y - 1 + 2*y + 4. Let i = 0 - -5. Suppose 0 = -g - 0 - i. Determine m(g).
-2
Let i = 66 + -69. Let z(h) = -h**3 - 5*h**2 - 3*h + 2. Calculate z(i).
-7
Let t(w) = w**2 - 5*w + 1. Suppose 3*p - 3 = 3*u, 4*u = -3*p + 47 - 9. Calculate t(p).
7
Let x(n) be the second derivative of n**3/6 - 2*n**2 + 18*n. Give x(4).
0
Let w(h) = -h + 1. Suppose 0*x - n = 4*x + 8, -3*x - 4*n = 6. Let s be w(x). Let l(v) = -2*v + 1. Calculate l(s).
-5
Let x(m) = 3*m + 24. Let u be x(-7). Let l(s) be the second derivative of 3*s - 1/2*s**u + 1/6*s**4 + 1/10*s**5 + 0 - s**2. Give l(-2).
-4
Let x(i) = i + 2. Let j(l) = -l - 2. Let s(f) = -6*j(f) - 5*x(f). What is s(6)?
8
Suppose 0 = 3*b + 6 - 84. Let r = b + -26. Let o(a) be the third derivative of a**5/60 - a**4/24 - a**3/6 - a**2. Calculate o(r).
-1
Suppose -3*p = -3*w + 2*p - 46, 39 = -2*w + 5*p. Let j(r) = -10*r**2 + 3. Let f(n) = -21*n - 4 + 21*n + 15*n**2. Let u(q) = w*j(q) - 5*f(q). What is u(1)?
-6
Let k(c) = -4*c - 1. Let i(l) = 3*l. Let w(o) = -5*i(o) - 4*k(o). Calculate w(-5).
-1
Let l(x) = x + 6*x - 5*x - 2 - 3*x. Calculate l(-1).
-1
Let d(w) = -4 + 3*w - 2*w + 7*w + w**2 - 4. Determine d(-6).
-20
Let w be 3/(-15) - 80/(-25). Let m be 4 + (3 - w)/3. Let i(v) = 2*v**2 + 0*v**2 + 5 - 3*v**2 + v. What is i(m)?
-7
Let m(d) be the first derivative of d - 6 + 1/3*d**3 - 1/2*d**2. Calculate m(2).
3
Let d(a) be the third derivative of a**4/8 + 5*a**3/6 + 17*a**2. What is d(4)?
17
Suppose 0 = -0*m + 4*m + 8. Let r(x) = 4*x - 2 + 1 - 7*x + 2*x. What is r(m)?
1
Let i(u) = -u**3 + u + u + 6*u**2 - 4*u + 6. Let d be i(6). Let r(a) = -a**3 - 5*a**2 + 6*a + 3. Let g be r(d). Let w(k) = k**2 - 3*k - 2. Give w(g).
-2
Suppose 3*r = 9*r - 6. Let x(w) = -5*w**2 - 3. Let m(p) = -6*p**2 - 4. Let b(d) = -4*m(d) + 5*x(d). What is b(r)?
0
Let s(v) = 2 + 2*v**2 - 2*v**2 - v**2 + 3*v - 5. Calculate s(4).
-7
Let d(v) = v**3 + 5*v**2 - 6*v + 2. Suppose 10 = 2*w - 0*w. Let j(u) = -u + 7. Let t be j(w). Let r be (3 - 11/1) + t. Give d(r).
2
Let s(a) = -a + 3. Let p be s(0). Let l be 3 - -9*(p - 1). Suppose -5*w - h + 3 = -l, 0 = w - h - 6. Let o(t) = -t**3 + 5*t**2 + 2. What is o(w)?
2
Let x(m) = 2*m**2 - 2*m - 2. Let p be x(-1). Let w(u) = -4*u**2 + 2*u**p - 27 + 12 + 14. Let b(h) = h - 7. Let q be b(6). 